{"id":158,"date":"2017-07-16T17:58:28","date_gmt":"2017-07-16T22:58:28","guid":{"rendered":"http:\/\/www.foragua.org\/?page_id=158"},"modified":"2020-05-31T15:56:08","modified_gmt":"2020-05-31T20:56:08","slug":"servicios","status":"publish","type":"page","link":"http:\/\/www.foragua.org\/?page_id=158","title":{"rendered":"Constituyentes"},"content":{"rendered":"\n<p>FORAGUA es un fondo ambiental y del agua, act\u00faa como mecanismo financiero para los municipios miembros para administrar los recursos provenientes de la tasa ambiental por consumo de agua potable, as\u00ed los aportes p\u00fablicos y de la cooperaci\u00f3n se complementan e invierten en acciones y medidas para la conservaci\u00f3n, protecci\u00f3n y restauraci\u00f3n de las fuentes de agua y bio-diversidad. El fondo permiten llevar adecuadamente la gesti\u00f3n integrada del recurso bajo la finalidad del fideicomiso mercantil para la ejecuci\u00f3n \u00e1gil y efectiva.<\/p>\n\n\n\n<p class=\"has-text-align-left\"><img decoding=\"async\" loading=\"lazy\" width=\"546\" height=\"131\" class=\"wp-image-1299\" style=\"width: 550px;\" src=\"http:\/\/www.foragua.org\/wp-content\/uploads\/2020\/05\/cfn.png\" alt=\"\" srcset=\"http:\/\/www.foragua.org\/wp-content\/uploads\/2020\/05\/cfn.png 546w, http:\/\/www.foragua.org\/wp-content\/uploads\/2020\/05\/cfn-300x72.png 300w, http:\/\/www.foragua.org\/wp-content\/uploads\/2020\/05\/cfn-230x55.png 230w, http:\/\/www.foragua.org\/wp-content\/uploads\/2020\/05\/cfn-350x84.png 350w, http:\/\/www.foragua.org\/wp-content\/uploads\/2020\/05\/cfn-480x115.png 480w\" sizes=\"(max-width: 546px) 100vw, 546px\" \/><span class=\"has-inline-color has-very-dark-gray-color\">Mediante escritura p\u00fablica celebrada ante el Notario P\u00fablico Primero del Cant\u00f3n Puyango, el 8 de julio del dos mil nueve, la <strong><a href=\"https:\/\/www.cfn.fin.ec\/negocios-fiduciarios-2\/\">Corporaci\u00f3n Financiera Nacional CFN<\/a><\/strong>, los Gobiernos Municipales de Loja, Celica, Puyango, Pindal y Macar\u00e1, as\u00ed como la Organizaci\u00f3n No Gubernamental denominada <strong><a href=\"https:\/\/natureandculture.org\/\">Naturaleza y Cultura Internacional NCI<\/a><\/strong>, constituyeron el Fideicomiso Mercantil de Administraci\u00f3n denominado Fondo Regional del Agua (FORAGUA), cuya finalidad es la de administrar los recursos aportados al patrimonio aut\u00f3nomo para que, conforme las instrucciones constantes en el contrato y las que dicten los \u00f3rganos del Fideicomiso, destinarlos al desarrollo de programas y\/o proyectos para la conservaci\u00f3n, protecci\u00f3n y recuperaci\u00f3n de los servicios ambientales y bio-diversidad de los ecosistemas fr\u00e1giles y amenazados de las provincias de Loja, El Oro, y Zamora Chinchipe en el sur del Ecuador.<\/span><\/p>\n\n\n\n<p>El Fideicomiso Mercantil de Administraci\u00f3n Fondo Regional del Agua (FORAGUA) recibe recursos econ\u00f3micos recaudados por los Gobiernos Municipales a trav\u00e9s del cobro de tasas ambientales para conservar, manejar y recuperar las condiciones naturales y los servicios ambientales de las microcuencas abastecedoras de agua y de otras \u00e1reas de inter\u00e9s biol\u00f3gico en sus respectivas jurisdicciones territoriales en primera instancia, y de forma mancomunada o con actividades de colaboraci\u00f3n o complementariedad a nivel regional.<\/p>\n\n\n\n<p>El Fideicomiso Mercantil de Administraci\u00f3n Fondo Regional del Agua (FORAGUA), es de car\u00e1cter regional es un mecanismo solidario que busca apoyar a los Gobiernos Aut\u00f3nomos Descentralizados (GAD\u00b4s) en la protecci\u00f3n de sus fuentes de agua y biodiversidad.<\/p>\n\n\n\n<p>La iniciativa lograda entre los municipios de Loja, Macar\u00e1, Celica, Puyango y Pindal junto con la Corporaci\u00f3n Naturaleza y Cultura Internacional como constituyentes originarios del fondo, arrancaron con un patrimonio de $532.260,08 d\u00f3lares para su creaci\u00f3n, alcanzando al a\u00f1o 2019 una inversi\u00f3n efectiva de 6 millones de d\u00f3lares con un costo operativo menos al 5% del aporte de sus constituyentes. Para el a\u00f1o 2011, se adhirieron los municipios el de Zamora y Chinchipe y en el a\u00f1o 2012 los cantones de Palanda, El Pangui, Centinela del C\u00f3ndor y Zaruma. <\/p>\n\n\n\n<figure class=\"wp-block-image size-large\"><img decoding=\"async\" loading=\"lazy\" width=\"1024\" height=\"768\" src=\"http:\/\/www.foragua.org\/wp-content\/uploads\/2020\/05\/IMG-20190628-WA0011-1024x768.jpg\" alt=\"\" class=\"wp-image-1634\" srcset=\"http:\/\/www.foragua.org\/wp-content\/uploads\/2020\/05\/IMG-20190628-WA0011-1024x768.jpg 1024w, http:\/\/www.foragua.org\/wp-content\/uploads\/2020\/05\/IMG-20190628-WA0011-300x225.jpg 300w, http:\/\/www.foragua.org\/wp-content\/uploads\/2020\/05\/IMG-20190628-WA0011-768x576.jpg 768w, http:\/\/www.foragua.org\/wp-content\/uploads\/2020\/05\/IMG-20190628-WA0011.jpg 1280w\" sizes=\"(max-width: 1024px) 100vw, 1024px\" \/><figcaption>Foto. Miembros del directorio del fideicomiso FORAGUA, Alcaldes de Zamora (Presidente), Zaruma, Macar\u00e1, Celica y La Corporaci\u00f3n Naturaleza y Cultura Internacional. Ademas el Gerente de Negocios Fiduciarios de la CFN y la Secretaria T\u00e9cnica.<\/figcaption><\/figure>\n\n\n\n<p>Existen otros municipios que solicitaron ser miembros, est\u00e1n proceso de adhesi\u00f3n y los municipios de Yantzaza, Calvas y Paltas suscribieron convenios y acuerdos  hasta su consecuci\u00f3n. Otros cabildos que han recibido co-beneficios al enviar cartas de intenci\u00f3n son Portovelo, Santa Rosa, Chilla, Pasaje, Nangaritza, Paquisha, Sozoranga, Saraguro, Athaualpa, Balsas, Chaguarpamba y Catamayo como se explica en el mapa.&nbsp;<\/p>\n\n\n\n<div class=\"wp-block-image\"><figure class=\"alignleft\"><a href=\"http:\/\/www.foragua.org\/wp-content\/uploads\/2017\/07\/Mapa-municipios-FORAGUA.png\"><img decoding=\"async\" loading=\"lazy\" width=\"959\" height=\"679\" src=\"http:\/\/www.foragua.org\/wp-content\/uploads\/2017\/07\/Mapa-municipios-FORAGUA.png\" alt=\"\" class=\"wp-image-1183\" srcset=\"http:\/\/www.foragua.org\/wp-content\/uploads\/2017\/07\/Mapa-municipios-FORAGUA.png 959w, http:\/\/www.foragua.org\/wp-content\/uploads\/2017\/07\/Mapa-municipios-FORAGUA-300x212.png 300w, http:\/\/www.foragua.org\/wp-content\/uploads\/2017\/07\/Mapa-municipios-FORAGUA-768x544.png 768w\" sizes=\"(max-width: 959px) 100vw, 959px\" \/><\/a><figcaption><strong><em>Mapa 1.<\/em><\/strong><em> Constituyentes y en proceso de adhesi\u00f3n de la Regi\u00f3n 7 al sur de Ecuador al fideicomiso FORAGUA. En color verde los constituyentes, en amarillo los que est\u00e1n en proceso de adhesi\u00f3n y en color rosa quienes est\u00e1n en proceso de creaci\u00f3n de las ordenanzas municipales para establecer \u00e1reas de conservaci\u00f3n y de uso sostenible ACMUS. (Fuente: ST FORAGUA)<\/em><\/figcaption><\/figure><\/div>\n\n\n\n<p><\/p>\n\n\n\n<p>Trabajamos con 14 Municipios, con quienes se ha logrado establecer por ordenanza <strong>164 mil hect\u00e1reas<\/strong> como \u00e1reas de conservaci\u00f3n municipales y de uso sostenible <strong>\u00abACMUS\u00bb<\/strong>.  Dentro se contemplan <strong>67 mil hect\u00e1reas<\/strong> que corresponden a las \u00e1reas de inter\u00e9s h\u00eddrico \u00ab<strong>AIH\u00bb, <\/strong>son zonas intangibles comprometidas a la protecci\u00f3n y restauraci\u00f3n de las fuentes de agua para consumo humano. En cada ordenanza de cada municipio, se crea una tasa ambiental al consumo de agua potable que permite sostener los procesos a largo plazo como lo explicamos en la secci\u00f3n de <a href=\"http:\/\/www.foragua.org\/sostenibilidad-y-levantamiento-de-fondos\/\">sostenibilidad del fondo<\/a>. En el siguiente v\u00eddeo explicamos como funciona: <\/p>\n\n\n\n<figure><iframe loading=\"lazy\" width=\"330\" height=\"160\" src=\"https:\/\/www.youtube.com\/embed\/xadDF5AlMJo\" allowfullscreen=\"\"><\/iframe><\/figure>\n\n\n\n<p><\/p>\n","protected":false},"excerpt":{"rendered":"<p>FORAGUA es un fondo ambiental y del agua, act\u00faa como mecanismo financiero para los municipios miembros para administrar los recursos provenientes de la tasa ambiental por consumo de agua potable, as\u00ed los aportes p\u00fablicos y de la cooperaci\u00f3n se complementan e invierten en acciones y medidas para la conservaci\u00f3n, protecci\u00f3n y restauraci\u00f3n de las fuentes [&hellip;]<\/p>\n","protected":false},"author":1,"featured_media":1182,"parent":0,"menu_order":0,"comment_status":"closed","ping_status":"closed","template":"","meta":[],"_links":{"self":[{"href":"http:\/\/www.foragua.org\/index.php?rest_route=\/wp\/v2\/pages\/158"}],"collection":[{"href":"http:\/\/www.foragua.org\/index.php?rest_route=\/wp\/v2\/pages"}],"about":[{"href":"http:\/\/www.foragua.org\/index.php?rest_route=\/wp\/v2\/types\/page"}],"author":[{"embeddable":true,"href":"http:\/\/www.foragua.org\/index.php?rest_route=\/wp\/v2\/users\/1"}],"replies":[{"embeddable":true,"href":"http:\/\/www.foragua.org\/index.php?rest_route=%2Fwp%2Fv2%2Fcomments&post=158"}],"version-history":[{"count":33,"href":"http:\/\/www.foragua.org\/index.php?rest_route=\/wp\/v2\/pages\/158\/revisions"}],"predecessor-version":[{"id":2061,"href":"http:\/\/www.foragua.org\/index.php?rest_route=\/wp\/v2\/pages\/158\/revisions\/2061"}],"wp:featuredmedia":[{"embeddable":true,"href":"http:\/\/www.foragua.org\/index.php?rest_route=\/wp\/v2\/media\/1182"}],"wp:attachment":[{"href":"http:\/\/www.foragua.org\/index.php?rest_route=%2Fwp%2Fv2%2Fmedia&parent=158"}],"curies":[{"name":"wp","href":"https:\/\/api.w.org\/{rel}","templated":true}]}}