{"id":400,"date":"2017-07-17T13:56:43","date_gmt":"2017-07-17T18:56:43","guid":{"rendered":"http:\/\/www.foragua.org\/?page_id=400"},"modified":"2020-05-20T15:07:00","modified_gmt":"2020-05-20T20:07:00","slug":"incendios-forestales-en-tiempo-real","status":"publish","type":"page","link":"http:\/\/www.foragua.org\/?page_id=400","title":{"rendered":"PROTOCOLO DE MONITOREO PARA LA IMPLEMENTACI\u00d3N\u00a0DE ACCIONES Y MEDIDAS REDD+"},"content":{"rendered":"<p>La calidad y cantidad del agua para consumo humano, requiere de la gobernanza efectiva que permita la conservaci\u00f3n, restauraci\u00f3n y protecci\u00f3n, de los ecosistemas fr\u00e1giles y degradados bajo un modelo de gesti\u00f3n de abajo hacia arriba a corto, mediano y largo plazo. La decisi\u00f3n pol\u00edtica juega un papel fundamental para crear los instrumentos legales locales que incluyan tres ejes de acci\u00f3n, arrancando por el establecimiento y zonificaci\u00f3n de las \u00e1reas de conservaci\u00f3n y uso sostenible \u201cACMUS\u201d donde se incluyan los sistemas de agua; definir la disponibilidad de pago de tasas ambientales en la planilla de agua potable para la sostenibilidad del mecanismo; y un componente que contempla las sanciones e incentivos a los propietarios dentro de estas \u00e1reas de conservaci\u00f3n. De esta manera alcanzar la regulaci\u00f3n de complejos procesos del ciclo hidrol\u00f3gico dentro de las \u00e1reas de inter\u00e9s que abastecen de agua a las poblaciones de la regi\u00f3n siete al sur de Ecuador. Para alcanzar estos procesos, evidentemente el levantamiento de informaci\u00f3n en territorio permite diagnosticar el estado de conservaci\u00f3n de las fuentes de agua, cuyos resultados facilitan al tomador de decisiones en los municipios, contar con los argumentos t\u00e9cnicos y legales para dise\u00f1ar y promulgar ordenanzas municipales para el establecimiento de las \u00e1reas de conservaci\u00f3n.<\/p>\n<p><a href=\"http:\/\/www.foragua.org\/wp-content\/uploads\/2017\/07\/WhatsApp-Image-2018-03-07-at-17.51.55.jpeg\"><img decoding=\"async\" loading=\"lazy\" class=\"wp-image-1063 aligncenter\" src=\"http:\/\/www.foragua.org\/wp-content\/uploads\/2017\/07\/WhatsApp-Image-2018-03-07-at-17.51.55-768x1024.jpeg\" alt=\"\" width=\"762\" height=\"1016\" srcset=\"http:\/\/www.foragua.org\/wp-content\/uploads\/2017\/07\/WhatsApp-Image-2018-03-07-at-17.51.55-768x1024.jpeg 768w, http:\/\/www.foragua.org\/wp-content\/uploads\/2017\/07\/WhatsApp-Image-2018-03-07-at-17.51.55-225x300.jpeg 225w, http:\/\/www.foragua.org\/wp-content\/uploads\/2017\/07\/WhatsApp-Image-2018-03-07-at-17.51.55-630x840.jpeg 630w, http:\/\/www.foragua.org\/wp-content\/uploads\/2017\/07\/WhatsApp-Image-2018-03-07-at-17.51.55.jpeg 774w\" sizes=\"(max-width: 762px) 100vw, 762px\" \/><\/a>Los recursos provenientes de la tasa ambiental de cada municipio, son administradas en una cuenta especial a trav\u00e9s FORAGUA, quien mantienen un contrato de fideicomiso irrevocable con vigencia hasta el a\u00f1o 2089. La administraci\u00f3n de estos recursos establece que el 10% se utilizar\u00e1 para la gesti\u00f3n, levantamiento de fondos y administraci\u00f3n bajo una secretaria t\u00e9cnica y la fiduciaria CFN-BP (Banco Publico Corporaci\u00f3n Financiera Nacional), y el 90% se invertir\u00e1 bajo un plan aprobado en conjunto con cada cabildo en diversas actividades que permitan cumplir con lo establecido en la ordenanza y el contrato del fideicomiso.<\/p>\n<p>Para lograr la efectividad de las inversiones, el FORAGUA ha dise\u00f1ado un protocolo de implementaci\u00f3n que permite identificar adecuadamente las zonas de presi\u00f3n sobre el bosque dentro de las ACMUS, cuyos procesos involucran:<\/p>\n<p><strong>1.<\/strong> El Monitoreo de las areas de conservaci\u00f3n municipal y uso sostenible ACMUS en tiempo casi real, utilizando la plataforma GFW desarrollada por el World Resources Institute. El cual mediante sistemas de alertas tempranas SAT,\u00a0 inscrita en la plataforma para recibir alertas GLAD a nuestro correo electr\u00f3nico, nos identifica posibles zonas deforestadas por perdida de cobertura vegetal en pixeles de 30 metros las \u00e1reas donde hay p\u00e9rdida de cobertura vegetal.<\/p>\n<p><a href=\"http:\/\/www.foragua.org\/wp-content\/uploads\/2017\/07\/Diapositiva7.jpg\"><img decoding=\"async\" loading=\"lazy\" class=\"wp-image-1094 aligncenter\" src=\"http:\/\/www.foragua.org\/wp-content\/uploads\/2017\/07\/Diapositiva7.jpg\" alt=\"\" width=\"717\" height=\"537\" srcset=\"http:\/\/www.foragua.org\/wp-content\/uploads\/2017\/07\/Diapositiva7.jpg 960w, http:\/\/www.foragua.org\/wp-content\/uploads\/2017\/07\/Diapositiva7-300x225.jpg 300w, http:\/\/www.foragua.org\/wp-content\/uploads\/2017\/07\/Diapositiva7-768x576.jpg 768w, http:\/\/www.foragua.org\/wp-content\/uploads\/2017\/07\/Diapositiva7-400x300.jpg 400w\" sizes=\"(max-width: 717px) 100vw, 717px\" \/><\/a><a href=\"http:\/\/www.foragua.org\/wp-content\/uploads\/2017\/07\/Diapositiva8.jpg\"><img decoding=\"async\" loading=\"lazy\" class=\"wp-image-1095 aligncenter\" src=\"http:\/\/www.foragua.org\/wp-content\/uploads\/2017\/07\/Diapositiva8.jpg\" alt=\"\" width=\"672\" height=\"505\" srcset=\"http:\/\/www.foragua.org\/wp-content\/uploads\/2017\/07\/Diapositiva8.jpg 960w, http:\/\/www.foragua.org\/wp-content\/uploads\/2017\/07\/Diapositiva8-300x225.jpg 300w, http:\/\/www.foragua.org\/wp-content\/uploads\/2017\/07\/Diapositiva8-768x576.jpg 768w, http:\/\/www.foragua.org\/wp-content\/uploads\/2017\/07\/Diapositiva8-400x300.jpg 400w\" sizes=\"(max-width: 672px) 100vw, 672px\" \/><\/a><\/p>\n<p><strong>2.<\/strong>\u00a0Verificaci\u00f3n de campo para determinar mediante el vuelo de drones un mosaico y la comprobaci\u00f3n en terreno de la posible \u00e1rea afectada.<\/p>\n<p><strong>3.<\/strong>\u00a0El informe\u00a0 de evaluaci\u00f3n del \u00e1rea afectada una ves cruzada con la tenencia de tierra o averiguaci\u00f3n de campo para identificar al propietario , permite la entrega de un informe t\u00e9cnico que permite a los GADs Municipales en sus Departamentos de Gesti\u00f3n Ambiental tomar las decisiones en base a las ordenanza de la ACMUS y determinar la infracci\u00f3n y calcular el monto de la multa (no existe metodolog\u00eda en base al cambio de uso de suelo, se utiliza la metodolog\u00eda del MAE que se utiliza para sancionar por deforestaci\u00f3n). Es competencia exclusiva y constitucional en Ecuador definida en C\u00f3digo Org\u00e1nico de Organizaci\u00f3n Territorial Autonom\u00eda y Descentralizaci\u00f3n COOTAD que lo faculta para regular el uso de suelo a los Municipios..<\/p>\n<p><a href=\"http:\/\/www.foragua.org\/wp-content\/uploads\/2017\/07\/Diapositiva10.jpg\"><img decoding=\"async\" loading=\"lazy\" class=\"wp-image-1097 aligncenter\" src=\"http:\/\/www.foragua.org\/wp-content\/uploads\/2017\/07\/Diapositiva10.jpg\" alt=\"\" width=\"721\" height=\"541\" srcset=\"http:\/\/www.foragua.org\/wp-content\/uploads\/2017\/07\/Diapositiva10.jpg 960w, http:\/\/www.foragua.org\/wp-content\/uploads\/2017\/07\/Diapositiva10-300x225.jpg 300w, http:\/\/www.foragua.org\/wp-content\/uploads\/2017\/07\/Diapositiva10-768x576.jpg 768w, http:\/\/www.foragua.org\/wp-content\/uploads\/2017\/07\/Diapositiva10-400x300.jpg 400w\" sizes=\"(max-width: 721px) 100vw, 721px\" \/><\/a><a href=\"http:\/\/www.foragua.org\/wp-content\/uploads\/2017\/07\/Diapositiva11.jpg\"><img decoding=\"async\" loading=\"lazy\" class=\"wp-image-1098 aligncenter\" src=\"http:\/\/www.foragua.org\/wp-content\/uploads\/2017\/07\/Diapositiva11.jpg\" alt=\"\" width=\"746\" height=\"558\" srcset=\"http:\/\/www.foragua.org\/wp-content\/uploads\/2017\/07\/Diapositiva11-300x225.jpg 300w, http:\/\/www.foragua.org\/wp-content\/uploads\/2017\/07\/Diapositiva11-400x300.jpg 400w\" sizes=\"(max-width: 746px) 100vw, 746px\" \/><\/a><\/p>\n<p><strong>4. <\/strong>Con el apoyo del \u00e1rea de Gesti\u00f3n Ambiental se solicita a la<strong> Comisar\u00eda<\/strong> del Municipio, la respectiva notificaci\u00f3n al propietario, para llegar a un acuerdo de conservaci\u00f3n del agua y los bosques ACABs para restaurar el \u00e1rea afectada y apoyarlo mediante alternativas productivas que disminuyan la presi\u00f3n en el \u00e1rea.<br \/>\n<strong>5.<\/strong> Si el propietario accede a lograr un acuerdo, el GAD Municipal a trav\u00e9s de su Departamento de Gesti\u00f3n Ambiental, procede a negociar para lograr la implementaci\u00f3n de acciones REDD+ y buscar la restauraci\u00f3n del \u00e1rea afectada y el levantamiento de una ficha socio-econ\u00f3mica para apoyar la producci\u00f3n sostenible del propietario, Si no accede se sancionara y aplicara la ordenanza en base a la ley.<a href=\"http:\/\/www.foragua.org\/wp-content\/uploads\/2017\/07\/Diapositiva12.jpg\"><img decoding=\"async\" loading=\"lazy\" class=\"wp-image-1099 aligncenter\" src=\"http:\/\/www.foragua.org\/wp-content\/uploads\/2017\/07\/Diapositiva12.jpg\" alt=\"\" width=\"924\" height=\"694\" srcset=\"http:\/\/www.foragua.org\/wp-content\/uploads\/2017\/07\/Diapositiva12.jpg 960w, http:\/\/www.foragua.org\/wp-content\/uploads\/2017\/07\/Diapositiva12-300x225.jpg 300w, http:\/\/www.foragua.org\/wp-content\/uploads\/2017\/07\/Diapositiva12-768x576.jpg 768w, http:\/\/www.foragua.org\/wp-content\/uploads\/2017\/07\/Diapositiva12-400x300.jpg 400w\" sizes=\"(max-width: 924px) 100vw, 924px\" \/><\/a><a href=\"http:\/\/www.foragua.org\/wp-content\/uploads\/2017\/07\/Protocolo-de-Monitoreo-FORAGUA.pdf\">Protocolo de Monitoreo FORAGUA <span style=\"color: #ff0000;\">PDF<\/span><\/a><\/p>\n<h3 style=\"text-align: left;\"><a href=\"http:\/\/www.foragua.org\/wp-content\/uploads\/2017\/07\/Protocolo-de-monitoreo-articulo-Francisco-Gordillo.pdf\">Protocolo de monitoreo articulo Francisco Gordillo <span style=\"color: #ff0000;\">PDF<\/span><\/a><\/h3>\n<h2 style=\"text-align: center;\"><span style=\"color: #003366;\"><strong><a href=\"http:\/\/www.foragua.org\/wp-content\/uploads\/2017\/07\/Diapositiva12.jpg\">TALLERES DE CAPACITACI\u00d3N Y CERTIFICACI\u00d3N DE ACABs+<\/a> <\/strong><\/span><\/h2>\n<p><a href=\"http:\/\/www.foragua.org\/wp-content\/uploads\/2017\/07\/Diapositiva13.jpg\"><img decoding=\"async\" loading=\"lazy\" class=\"wp-image-1100 aligncenter\" src=\"http:\/\/www.foragua.org\/wp-content\/uploads\/2017\/07\/Diapositiva13.jpg\" alt=\"\" width=\"768\" height=\"576\" srcset=\"http:\/\/www.foragua.org\/wp-content\/uploads\/2017\/07\/Diapositiva13.jpg 960w, http:\/\/www.foragua.org\/wp-content\/uploads\/2017\/07\/Diapositiva13-300x225.jpg 300w, http:\/\/www.foragua.org\/wp-content\/uploads\/2017\/07\/Diapositiva13-768x576.jpg 768w, http:\/\/www.foragua.org\/wp-content\/uploads\/2017\/07\/Diapositiva13-400x300.jpg 400w\" sizes=\"(max-width: 768px) 100vw, 768px\" \/><\/a>\u00a0\u00a0\u00a0\u00a0<a href=\"http:\/\/www.foragua.org\/wp-content\/uploads\/2017\/07\/50539847_1063081267197977_663152609883848704_o-1.jpg\"><img decoding=\"async\" loading=\"lazy\" class=\"wp-image-1091 aligncenter\" src=\"http:\/\/www.foragua.org\/wp-content\/uploads\/2017\/07\/50539847_1063081267197977_663152609883848704_o-1-1024x768.jpg\" alt=\"\" width=\"775\" height=\"581\" \/><\/a><\/p>\n<p><span style=\"color: #0000ff;\"><strong>Francisco Gordillo,\u00a0 es el Secretario T\u00e9cnico del Fondo Regional del Agua. Su trabajo se enfoca en el fortalecimiento de los municipios, la articulaci\u00f3n institucional y la gesti\u00f3n efectiva en las \u00e1reas de conservaci\u00f3n municipales. Lidera el equipo t\u00e9cnico del plan de implementaci\u00f3n del proyecto #PROAMAZON\u00cdA con FORAGUA y es el mentor del protocolo de monitoreo e implementaci\u00f3n de medidas y acciones REDD+ para la inversi\u00f3n efectiva de recursos, utilizando GFW.\u00a0<\/strong><\/span><br \/>\n<a href=\"http:\/\/www.foragua.org\/wp-content\/uploads\/2017\/07\/30806272_877875522385220_3838048371158313135_o-1.jpg\"><img decoding=\"async\" loading=\"lazy\" class=\"wp-image-1089 aligncenter\" src=\"http:\/\/www.foragua.org\/wp-content\/uploads\/2017\/07\/30806272_877875522385220_3838048371158313135_o-1-1024x768.jpg\" alt=\"\" width=\"1087\" height=\"815\" srcset=\"http:\/\/www.foragua.org\/wp-content\/uploads\/2017\/07\/30806272_877875522385220_3838048371158313135_o-1-1024x768.jpg 1024w, http:\/\/www.foragua.org\/wp-content\/uploads\/2017\/07\/30806272_877875522385220_3838048371158313135_o-1-300x225.jpg 300w, http:\/\/www.foragua.org\/wp-content\/uploads\/2017\/07\/30806272_877875522385220_3838048371158313135_o-1-768x576.jpg 768w, http:\/\/www.foragua.org\/wp-content\/uploads\/2017\/07\/30806272_877875522385220_3838048371158313135_o-1-400x300.jpg 400w, http:\/\/www.foragua.org\/wp-content\/uploads\/2017\/07\/30806272_877875522385220_3838048371158313135_o-1.jpg 1280w\" sizes=\"(max-width: 1087px) 100vw, 1087px\" \/><\/a><\/p>\n<h2><\/h2>\n","protected":false},"excerpt":{"rendered":"<p>La calidad y cantidad del agua para consumo humano, requiere de la gobernanza efectiva que permita la conservaci\u00f3n, restauraci\u00f3n y protecci\u00f3n, de los ecosistemas fr\u00e1giles y degradados bajo un modelo de gesti\u00f3n de abajo hacia arriba a corto, mediano y largo plazo. La decisi\u00f3n pol\u00edtica juega un papel fundamental para crear los instrumentos legales locales [&hellip;]<\/p>\n","protected":false},"author":1,"featured_media":1847,"parent":0,"menu_order":0,"comment_status":"closed","ping_status":"closed","template":"","meta":[],"_links":{"self":[{"href":"http:\/\/www.foragua.org\/index.php?rest_route=\/wp\/v2\/pages\/400"}],"collection":[{"href":"http:\/\/www.foragua.org\/index.php?rest_route=\/wp\/v2\/pages"}],"about":[{"href":"http:\/\/www.foragua.org\/index.php?rest_route=\/wp\/v2\/types\/page"}],"author":[{"embeddable":true,"href":"http:\/\/www.foragua.org\/index.php?rest_route=\/wp\/v2\/users\/1"}],"replies":[{"embeddable":true,"href":"http:\/\/www.foragua.org\/index.php?rest_route=%2Fwp%2Fv2%2Fcomments&post=400"}],"version-history":[{"count":10,"href":"http:\/\/www.foragua.org\/index.php?rest_route=\/wp\/v2\/pages\/400\/revisions"}],"predecessor-version":[{"id":1909,"href":"http:\/\/www.foragua.org\/index.php?rest_route=\/wp\/v2\/pages\/400\/revisions\/1909"}],"wp:featuredmedia":[{"embeddable":true,"href":"http:\/\/www.foragua.org\/index.php?rest_route=\/wp\/v2\/media\/1847"}],"wp:attachment":[{"href":"http:\/\/www.foragua.org\/index.php?rest_route=%2Fwp%2Fv2%2Fmedia&parent=400"}],"curies":[{"name":"wp","href":"https:\/\/api.w.org\/{rel}","templated":true}]}}